4b36
In base 3, what is 11 + -2000221211012?
-2000221211001
In base 9, what is 1580718 + 55?
1580774
In base 16, what is -1a078b + -25?
-1a07b0
In base 7, what is -2301 + -1466?
-4100
In base 12, what is -30021a3 - -b?
-3002194
In base 15, what is -174 + b3a48?
b38c4
In base 10, what is -9 - -1968054?
1968045
In base 16, what is a5c - 98c?
d0
In base 12, what is -a553 + 9bb?
-9754
In base 7, what is -1355126 + 46?
-1355050
In base 10, what is 4 - -9711514?
9711518
In base 14, what is 0 + -32c66784?
-32c66784
In base 6, what is -35 - -1052433435?
1052433400
In base 2, what is 110000111 - -10000111110111100?
10001000101000011
In base 15, what is -1d9 - 142573?
-14275c
In base 13, what is 8 - -26b142?
26b14a
In base 12, what is 1a8 + 22314?
22500
In base 9, what is 5 - -13175766?
13175772
In base 10, what is -55733 + -7943?
-63676
In base 10, what is -4328683 + 49?
-4328634
In base 5, what is 2202403 - -301031?
3003434
In base 12, what is 1a41 + 24b5?
4336
In base 15, what is -14 + -726060?
-726074
In base 11, what is -9943712 - 4?
-9943716
In base 3, what is -1021 + -1222002201?
-1222010222
In base 12, what is -7 - -1045971?
1045966
In base 15, what is -a77b75 + -51?
-a77bc6
In base 4, what is -12121302 - -332311?
-11122331
In base 2, what is 111101 + 1011111111000?
1100000110101
In base 10, what is 421 - 7372?
-6951
In base 4, what is 3 - 10320330222?
-10320330213
In base 12, what is -191 + 1b7456?
1b7285
In base 3, what is 22202 + -210002101222?
-210002002020
In base 9, what is -3510 - -1512?
-1887
In base 5, what is -11113313 - 14?
-11113332
In base 3, what is -1011 + -11200120220?
-11200122001
In base 16, what is 2828e + 538?
287c6
In base 3, what is -10 + -1210021110100?
-1210021110110
In base 15, what is 2e5 - -cb58?
ce4d
In base 9, what is 14 + 485662?
485676
In base 15, what is 803 + 10e1?
18e4
In base 9, what is 0 - -11224168?
11224168
In base 6, what is 13001 + -1052?
11505
In base 16, what is -f46 - -1865?
91f
In base 13, what is 463 + 57541?
579a4
In base 7, what is 226116244 - -20?
226116264
In base 8, what is -3545517 + 15?
-3545502
In base 6, what is -21435340 + 152?
-21435144
In base 10, what is 30134169 - -4?
30134173
In base 6, what is 143451213 + -2?
143451211
In base 15, what is -3 - 4146a7?
-4146aa
In base 13, what is 12a3a63 - -4?
12a3a67
In base 4, what is 323 - -221131323121?
221131330110
In base 16, what is -159a2 + 51f?
-15483
In base 5, what is -141211 - -124?
-141032
In base 16, what is 115ca7 - 6?
115ca1
In base 9, what is 128655687 + 0?
128655687
In base 6, what is -1045303140 + -1?
-1045303141
In base 4, what is -100 + -2030002132?
-2030002232
In base 11, what is 132 + -3690?
-3559
In base 3, what is -1220001100222111 + -100?
-1220001100222211
In base 14, what is 24 - 138211?
-1381cb
In base 4, what is -102011023 - 2302131?
-110313220
In base 2, what is 10001100001111 - 111110101011010?
-101101001001011
In base 2, what is 101000101001101 + 1010000100000?
110010101101101
In base 11, what is 3 - 14869574?
-14869571
In base 16, what is -4 - 1360e6a?
-1360e6e
In base 12, what is ab + -24813?
-24724
In base 6, what is -155 - 1244520125?
-1244520324
In base 6, what is 10013 + -243004?
-232551
In base 3, what is -1010200012 - -121212?
-1010001100
In base 11, what is -759330 - -17?
-759314
In base 3, what is 2 - 122101111001120202?
-122101111001120200
In base 12, what is 1a1a - 224b?
-431
In base 15, what is ae5b67 + 0?
ae5b67
In base 2, what is 10111100 + 1110010111101101?
1110011010101001
In base 11, what is 768170 + 0?
768170
In base 10, what is 1 - 6659523?
-6659522
In base 2, what is 1011100101101 + 10111110?
1011111101011
In base 9, what is -322051 + 3315?
-317635
In base 13, what is -6 + 2733a9?
2733a3
In base 2, what is -1010100101011100011 + 11?
-1010100101011100000
In base 16, what is -118 - -12c5e?
12b46
In base 14, what is aa15a1 + -b3?
aa14cc
In base 5, what is -1114212121 + -10?
-1114212131
In base 15, what is -1 + -8ac78e?
-8ac790
In base 13, what is 4378a68b + -1?
4378a68a
In base 13, what is -4909 + 2839?
-20a0
In base 9, what is 444233 - 32?
444201
In base 2, what is -100011101000101001000100 - -101?
-100011101000101000111111
In base 9, what is 14 - -1652202?
1652216
In base 3, what is 1 + 21102100221020211?
21102100221020212
In base 11, what is -307046 - 11?
-307057
In base 15, what is cc0a9 - -5?
cc0ae
In base 10, what is 1 - -29496292?
29496293
In base 10, what is -342 + -70088?
-70430
In base 13, what is -38c5569 + -3?
-38c556c
In base 10, what is -6368388 - -5?
-6368383
In base 9, what is -10078 + -20678?
-30767
In base 7, what is 34451 + 11040?
45521
In base 9, what is 5 - -168625743?
168625748
In base 8, what is 1360 - -1467471?
1471051
In base 6, what is -2040533124 - 0?
-2040533124
In base 5, what is -3244032301 - 10?
-3244032311
In base 4, what is 301021331101 - -3?
301021331110
In base 6, what is -20505154355 - 4?
-20505154403
In base 8, what is -574623 - -47?
-574554
In base 9, what is 668 + 5832?
6611
In base 13, what is -1552003 + 4?
-1551ccc
In base 14, what is 5 + 10b32b96?
10b32b9b
In base 9, what is 1887341 - -18?
1887360
In base 15, what is -1c6 - -106329?
106153
In base 6, what is -102235445 + 1?
-102235444
In base 7, what is 1455 + -11344?
-6556
In base 5, what is -3310100042 + -10?
-3310100102
In base 11, what is 125963a4 + -4?
125963a0
In base 5, what is -30110101441 + -103?
-30110102044
In base 9, what is -2 + -41471735?
-41471737
In base 11, what is -1905 - 6026?
-7930
In base 4, what is 321110113 + -3001?
321101112
In base 8, what is -116706446 - 4?
-116706452
In base 9, what is -33066 + 126?
-32840
In base 16, what is 351db0 - -9?
351db9
In base 3, what is -2 + -1222001002100220?
-1222001002100222
In base 10, what is -129158098 - -1?
-129158097
In base 2, what is -100 + 10101111011101110101110110?
10101111011101110101110010
In base 10, what is -24 + -1832?
-1856
In base 8, what is -6501012 + 11?
-6501001
In base 8, what is 3612717 - 56?
3612641
In base 16, what is 61f57 + -14?
61f43
In base 14, what is -bd + 10234?
10155
In base 7, what is -3 + -444354315?
-444354321
In base 3, what is 11220211 - 1002212?
10210222
In base 3, what is 11 + 2112020122012021?
2112020122012102
In base 14, what is -1 + -238d033?
-238d034
In base 3, what is -1020101112 + -12121012?
-1102222201
In base 7, what is -1354212 - 116?
-1354331
In base 5, what is -1330142 - 1404?
-1332101
In base 15, what is b - -d7ea8e?
d7ea9a
In base 2, what is 11100010 + -101011101111110?
-101011010011100
In base 10, what is 535 + -34407?
-33872
In base 14, what is -19 - -68ad91?
68ad76
In base 14, what is 2 + 4a23ca1?
4a23ca3
In base 9, what is -35 - -124046?
124011
In base 14, what is 2227cc0 + 5?
2227cc5
In base 3, what is 2 + -12010101020101022?
-12010101020101020
In base 14, what is 4bb37b + -14?
4bb367
In base 4, what is -30033120100 - 3?
-30033120103
In base 7, what is 4444 - 115633?
-111156
In base 9, what is 31246 + 281?
31537
In base 8, what is 5747471 + -3?
5747466
In base 11, what is 1 - 7966739?
-7966738
In base 13, what is -1157107 + -4?
-115710b
In base 9, what is 2 + 103836514?
103836516
In base 7, what is 1 - 414244461?
-414244460
In base 14, what is -40a294a5 - -3?
-40a294a2
In base 16, what is -1f82a0 - 22?
-1f82c2
In base 10, what is -113530758 + -4?
-113530762
In base 11, what is 1 + 140199466?
140199467
In base 6, what is 12 + -13120320?
-13120304
In base 11, what is 178924190 - 3?
178924188
In base 10, what is 1191 + 16236?
17427
In base 16, what is 732 - -21d?
94f
In base 15, what is -18b3e5e - -2?
-18b3e5c
In base 9, what is 4 - -7524455?
7524460
In base 5, what is 14032423241 + 212?
14032424003
In base 11, what is 37351a939 - 0?
37351a939
In base 4, what is 10031032223 - 0?
10031032223
In base 12, what is -145711 - 26?
-145737
In base 12, what is -6406 + -109?
-6513
In base 15, what is -27a566 - 4a?
-27a5b1
In base 8, what is 13 + 65236763?
65236776
In base 16, what is 24465 + 30?
24495
In base 3, what is -2100120210 + -21221?
-2100212201
In base 5, what is 4442 + -34112?
-24120
In base 4, what is 1103121021220 + 0?
1103121021220
In base 7, what is 260 + -2304510?
-2304220
In base 3, what is -212010012022 - -21100?
-212002220222
In base 9, what is 4857413 - -67?
4857481
In base 11, what is 1 +